t t(b) = -11*b**3 + b**2 - b. Let z be t(-2). Suppose -4*y = -2*n + z, -126 = -2*n - 3*y - 32. What is the remainder when n is divided by 17?
13
Suppose -2*v - 16 = 56. What is the remainder when 106 is divided by (v/21)/((-3)/21)?
10
Let f(l) = 8*l**2 + l + 1. Let y be f(-2). Let u = y + -22. Suppose -2*t = -2*v - 50, 184*t - 186*t + v + 51 = 0. What is the remainder when t is divided by u?
8
Suppose 0 = -p + 4*p + 3*s + 3, -5*s = -p + 5. Suppose p = 3*j + 2*j - 135. What is the remainder when j is divided by 9?
0
Suppose i + 2*i - 27 = 0. Let v(o) = -3 + 5*o**3 + 1 - 4*o**3 + 7*o**2 + 1. What is the remainder when v(-6) is divided by i?
8
Let i = 12 + 0. Suppose 3148 + 25532 = 12*h. Calculate the remainder when i/54 - h/(-18) is divided by 34.
31
Let u(j) = 3*j**2 + 43*j - 75. What is the remainder when u(-18) is divided by 2?
1
Suppose 77 + 13 = -10*w. Calculate the remainder when 41 is divided by 84/w*9/(-6).
13
Suppose 0 = 23*j - 0*j - 506. What is the remainder when 65 is divided by j?
21
Suppose -35 = 4*c + u - 2, 2*c + 4*u + 20 = 0. Calculate the remainder when 54 is divided by (-118)/c + 6/24.
9
Let j = -10 + 13. Suppose j*t = 5*h + 144, -2*t + 0*t + h + 103 = 0. What is the remainder when t is divided by 18?
17
Let g = -14 + 18. Suppose -g*i + 556 = 4*n, -3*i - i + 564 = -4*n. Let c = i - 73. Calculate the remainder when c is divided by 23.
21
Let u = -75 + 77. What is the remainder when 77 is divided by (4/(-12))/(u/(-78))?
12
Let y(h) = 20*h**2 + 16*h + 4. Let x = -68 + 114. Calculate the remainder when y(-3) is divided by x.
44
Let u(k) = 6*k**3 - 5*k**2 - 3*k + 14. What is the remainder when u(2) is divided by 20?
16
Suppose 190 = 3*b - 71. Suppose -533 = -5*u + b. Calculate the remainder when u is divided by 14.
12
Suppose 5*g + 0 + 10 = 0. Let r be 10/(g/1) - 2. Let p(m) = -4*m + 3. What is the remainder when p(r) is divided by 16?
15
Suppose -4*u + 3*m = 7, -3*u - 2*m + m = -11. Suppose -2*j - 5*c + 2*c + 55 = 0, 0 = u*j + 2*c - 54. What is the remainder when j is divided by 15?
11
Suppose 5*i - 18 = o, i = 6 - 3. Let m = -60 + 98. What is the remainder when m is divided by ((1 + 29)/o)/(-1)?
8
Let a(l) be the third derivative of l**4/24 + 5*l**3/6 + l**2. Suppose -11*y = -27 - 204. What is the remainder when y is divided by a(6)?
10
Let g = -8 + 26. Suppose 52 + 36 = 8*f. What is the remainder when g is divided by f?
7
Suppose 5 = 2*t + 2*v - 55, -3*t + 82 = v. Suppose 3*o = -4*i + 44, 5*i - 3*o = 2 + t. What is the remainder when 23 is divided by i?
7
Let g be (-5)/45 - 71/9. Let u(o) = -o**2 - 5*o - 5. Let m be u(g). Let p = m - -39. What is the remainder when p is divided by 4?
2
Let c(j) = 2*j - 32. Let k be c(14). Let z(q) = -21*q - 51. Calculate the remainder when 97 is divided by z(k).
31
Suppose -y - 4*y = 0. Suppose 5*x - 4 = 5*s + 1, y = -3*s - 4*x + 32. Suppose m + s*m - 90 = 0. What is the remainder when m is divided by 7?
4
Let i(u) = 3*u**2 - u + 1. Let h be i(1). Let p = 13 - h. Calculate the remainder when 18 is divided by p.
8
Let c = 876 + -837. Calculate the remainder when c is divided by 30.
9
Let u be (3/2)/((-33)/176). Let d be 15/4*u/(-3). Let g = 25 - d. Calculate the remainder when 27 is divided by g.
12
Let n = 36 - 61. Let r = 40 + n. Calculate the remainder when 43 is divided by r.
13
Suppose 28 - 31 = 2*r + 3*p, 0 = -5*r - p + 25. Calculate the remainder when r is divided by 5.
1
Suppose -v - 3*m + 12 = 0, v - 4*m + 23 = -0*v. What is the remainder when 13 is divided by 10/v*(-18)/12?
3
Suppose -3*p + 5*w + 39 = 0, 2*p - 4*w + 3*w - 26 = 0. Suppose 6*o + 315 = p*o. What is the remainder when o is divided by 12?
9
Suppose 0 = 2*y + g - 47, 2*y + 10 = 4*g + 42. Calculate the remainder when y is divided by 13.
9
Let k be 0 - ((-25)/15 - (-3)/(-9)). Let a(d) = 9*d + 10. Calculate the remainder when 55 is divided by a(k).
27
Let t be (82/(-3))/(4/6*-1). Suppose 3*p + 8 = t. What is the remainder when 40 is divided by p?
7
Let j(h) = 98*h**3 - 2*h**2 + 2*h - 1. Let c be j(1). Suppose -68 = -5*g + c. What is the remainder when g is divided by 7?
5
Let u(h) = h - 2. Let b be u(0). Let l(q) = 26*q**2 + 5*q + 1. Calculate the remainder when l(b) is divided by 24.
23
Let t(o) = -o**3 - 9*o**2 + 13*o - 19. Let i be t(-11). Let j = i - 74. Calculate the remainder when 23 is divided by j.
5
Let h(n) = -n + 8. Let o be h(-11). Suppose -2*l = -5*c - 36, -c + 10 = l - 1. Suppose 0 = -2*v + o + l. What is the remainder when v is divided by 9?
7
Suppose -3*d - 327 = -5*g, -11*d = 2*g - 7*d - 110. Let n(a) = 7*a + 5. Calculate the remainder when g is divided by n(4).
30
Suppose -5*t - 16 = 4*r - 6*r, 0 = 5*t. What is the remainder when 294 is divided by r?
6
Let j be (-18)/27 + (-1)/3. Let q = 4 - j. Calculate the remainder when 29 is divided by q.
4
Let c(g) = 32*g**2 - 8*g + 6. Calculate the remainder when c(2) is divided by 20.
18
Suppose -415 = 11*t - 437. Calculate the remainder when 5 is divided by t.
1
Let z be 0/(1 + 1 - 1). Suppose l + 17 = 2*d, 2*d + 7 = 4*l + 39. Calculate the remainder when 2 - (z + 1 + -14) is divided by d.
3
Suppose 5*c = 5*h - 65, -4*h + 3*c + 87 = 6*c. Let k = 0 - -2. Suppose -x + k*x = h. Calculate the remainder when 68 is divided by x.
14
Let b(l) = 5*l + 8. Let j be b(-6). Suppose 176 = -5*v + 3*k, -v = -3*v + 4*k - 76. Let m = j - v. What is the remainder when 21 is divided by m?
9
Suppose 5*k = s - 23, -3*s + 41 = -4*k + 3*k. What is the remainder when 89 is divided by s?
11
Let d = -32 + 26. What is the remainder when (55/(-15) - -2)/(2/d) is divided by 3?
2
Let c(z) = z + 24. Calculate the remainder when 123 is divided by c(8).
27
Suppose -4*b - 9 + 369 = 0. Suppose -6*u = -b - 30. What is the remainder when 77 is divided by u?
17
Suppose -65 = -2*k - 21. Suppose -9*f + 12*f = -6. What is the remainder when -4 - (-46 - (f - -2)) is divided by k?
20
Suppose -5*s + 3*s = -8. Suppose -5*c + 121 = 2*d - d, -s*c - 5*d = -101. Let a = -73 + 166. What is the remainder when a is divided by c?
21
Suppose -13*y = -3*y. Suppose f = -y*f + 4. What is the remainder when 14 is divided by f?
2
Let g(p) = p**3 + 8*p**2 - 10*p - 6. Let h(y) = y**3 + y**2 + 4. Let b be h(0). Suppose 41 = -5*z - b. Calculate the remainder when 11 is divided by g(z).
2
Let n = -223 - -51. Let u = 177 + n. Calculate the remainder when 94/8 - 2/(-8) is divided by u.
2
Let v be 564/10 - 6/15. Let w = 51 - 33. Suppose -4*m = -d - 53 - w, 4*m + 4*d - v = 0. Calculate the remainder when 67 is divided by m.
16
Suppose 151 = 5*k - 2*g, k - 21 = 2*g + 3*g. Suppose 2*d - 8 = 0, -y = -d + 2*d - k. What is the remainder when y is divided by 7?
6
Let k = 8248 + -5442. What is the remainder when k is divided by 26?
24
Let i(x) = 16*x**2 - 25*x - 14. What is the remainder when i(-6) is divided by 23?
22
Suppose 2*g = 5*i - 0*g - 6, 0 = 4*i + g - 10. Let j(s) = -11 + 2*s - 11*s**3 + 28 + 2*s**i - 16. Calculate the remainder when j(-1) is divided by 7.
5
Suppose -5*y + 1705 + 1093 = -n, -y + 568 = -3*n. Calculate the remainder when y is divided by 28.
27
Suppose 3*h + 106 - 21 = -2*y, 4*y = 4. Let x(q) = 33*q + 40. What is the remainder when (2 + h)/(3/(-3)) is divided by x(-1)?
6
Let j = 992 + -973. Suppose -5*a + 1139 = -3*c, 4*c - 440 = -0*a - 2*a. Let n = a + -134. Calculate the remainder when n is divided by j.
16
Suppose s + 6 = -24. Let a = -13 - s. Calculate the remainder when 60 is divided by a.
9
Let f(t) = -8*t + 1. Let b be f(-1). Suppose 3*z + 6 = -b, -2*a + 4*z + 28 = 0. Calculate the remainder when a is divided by -7 + (20 - 8) + -3.
0
Suppose 2*g = t + 10, 3*t - 19 = -g - 0*g. Suppose 3*j - 3 = 0, -3*v + 55 = -80*j + 78*j. Calculate the remainder when v is divided by g.
5
Suppose 5*k - 397 = -132. Let l(m) = 3*m**2 + m + 28. What is the remainder when k is divided by l(0)?
25
Suppose 0*p + p = 38. Let x = -2276 - -2292. What is the remainder when p is divided by x?
6
Let q = 28 - 13. Let w be (-168)/(-20) - 6/q. Suppose -w*s = -7*s - 16. What is the remainder when 29 is divided by s?
13
Suppose 3*i = -i + 8. Suppose 2*u + 32 = -i*u. Let m = 0 - u. Calculate the remainder when m is divided by 3.
2
Let w(a) = -4*a**3 - 2*a**2 + a + 7. What is the remainder when w(-4) is divided by 23?
20
Let w be -28 + 5/((-20)/